*k. Let c(h) = -4*g(h) - 3*u(h). What is c(9)?
-12
Suppose -3*j + 23 = 2*j - 2*c, j + c - 6 = 0. Suppose -2*k + 3*p - 1 = 0, -3*k - j*p = -0 - 8. Let q(i) = 21*i + 1 - 9*i - 2. Give q(k).
11
Suppose -3*w - r + 6*r = -26, 0 = 5*w + r - 6. Let a(b) = 8*b**2 - 2 + 0*b**2 + 2*b - 7*b**w. Let u be (8/10)/((-4)/20). What is a(u)?
6
Let l(y) = -y**2 + 131*y + 1117. Let u be l(-8). Let f(d) = -d**2 + 12*d - 2. What is f(u)?
33
Let t = -97 - -95. Let d(o) be the first derivative of -13*o**2/2 + 10. Calculate d(t).
26
Let n(m) = 40935*m**2 + 3*m + 40950*m**2 - 81874*m**2 - 1. Calculate n(1).
13
Let q(s) be the second derivative of 1/2*s**3 + 0*s**2 + 46*s + 0. What is q(6)?
18
Let v(g) = -g**2 - 6*g - 12. Suppose -10*b = 2*q - 13*b - 10, 24 = -4*q - 5*b. Let o be (6/(-15))/q + (-54)/10. Calculate v(o).
-7
Let r(g) = -17*g + 16. Let c(b) = -39*b + 31. Let n(q) = -4*c(q) + 9*r(q). Give n(-6).
2
Let u(s) be the second derivative of 0*s**4 + 0 + 1/2*s**2 + 13*s + 1/3*s**3 - 4/5*s**5. What is u(-1)?
15
Let o(l) = 222 + 2 + 19*l - 23*l - l**2 + 26*l + 19*l. What is o(46)?
-6
Let r(s) = s - 4. Suppose 4*y - 45 - 817 = 3*a, y = -3*a + 223. Suppose -y = 7*d - 154. What is r(d)?
-13
Let o(r) be the first derivative of -2*r**3/3 - r - 1. Let c(w) = 8*w**2 - 81*w - 448. Let p be c(-4). What is o(p)?
-33
Let g(m) = 94*m - 1. Suppose -16264*b - 20 = -16284*b. Determine g(b).
93
Let r(w) = 4 + 1 - 5 + 3*w. Let f be -1 + (17 - (-35)/(-2))*(-4)/(-2). Determine r(f).
-6
Let o(s) be the second derivative of s**5/20 - 2*s**3/3 - s**2/2 + 11*s. Let c be o(-2). Let j be (c + -2)*(-34)/51. Let z(x) = -2*x**2 + 4*x - 3. What is z(j)?
-3
Suppose 265*x - 262*x = 4*h + 57, -x = 5*h. Let v(y) = -4*y + 35. Determine v(x).
-25
Let f(r) be the second derivative of r**3/3 + 8*r**2 - r. Let m be -1 - (152/(-19) + 18). Determine f(m).
-6
Suppose -58*g + 9 = -61*g. Let f(i) be the first derivative of -i**3 - i**2 + 4*i - 116. Calculate f(g).
-17
Let b = 211 + -100. Let r(i) = -i + 111 - b. Suppose 5*g - 16 = g. Calculate r(g).
-4
Let w(m) = m**2 - 9*m + 4. Suppose -76 = 4*y - 140. Let v = y - 7. Let q be w(v). Let n(k) = -4*k + 2. Give n(q).
-14
Let n(x) = -5*x**2 + 280*x - 287*x + 9 + 6*x**2. Suppose -78 = -10*t - 3*t. What is n(t)?
3
Let p be ((-3)/(-12))/(2/8). Let c(d) = 11*d - 5 - 4*d + 5 - p. Let j = 2551 + -2549. Give c(j).
13
Let r(t) = -t**3 - 5*t**2 - 2*t + 2. Let n = -752 - -750. Let j be r(n). Let d(p) be the third derivative of p**5/60 + 7*p**4/24 + p**3 - p**2. Calculate d(j).
0
Suppose h + 36 = -2*j, 5*j + 84 = 697*h - 698*h. Let w(m) = m**2 + 20*m + 68. What is w(j)?
4
Let j(t) = -3*t + 3*t**2 - 1282 + 3*t**2 - t**3 + 1295 + 4*t**2. Determine j(10).
-17
Let i(h) = -h + 21. Let a be (6/5)/(444/1480). Calculate i(a).
17
Let k(q) be the second derivative of -q**7/840 + q**6/72 - q**5/120 - q**4/8 - 20*q**3/3 + 2*q + 65. Let g(f) be the second derivative of k(f). Determine g(5).
-8
Suppose 8*r + 9 = -21 - 58. Let f(y) = -y**2 - 16*y - 7. What is f(r)?
48
Let h(o) = o**3 + 10*o**2 + 10*o + 12. Let w be -1*(-10 - (7 - 12)). Suppose 23*p + 51 = -w*x + 26*p, 4 = 2*p. Give h(x).
3
Let v = -39 - -33. Let r(t) = -t**2 - 16*t - 16. Let a(j) = -j - 1. Let z(i) = -5*a(i) + r(i). Let l(y) = -y - 1. Let h(b) = 4*l(b) - z(b). Give h(v).
1
Let i(o) = 14*o**2 + 13*o - 16. Let k(z) = -5*z**2 - 4*z + 5. Let u(d) = -6*i(d) - 17*k(d). Let x be u(5). Let l(w) = -w**3 - 14*w**2 - w - 2. Give l(x).
12
Let p(v) = -2*v + 4. Let c(z) = z - 2. Let o(s) = -5*c(s) - 2*p(s). Let x = -84 - -87. Let r be 9/x + -7 - (9 + -11). Determine o(r).
4
Let i(w) = -13*w + 20. Let n be 22 - (8 - (-13 + 4)). Calculate i(n).
-45
Let h(b) = -145*b**3 - 4*b - 6*b**2 + 299*b**3 - 155*b**3. What is h(-5)?
-5
Suppose 0 = 3*i + 28 - 7. Let r(l) = -11*l - 3. Let s(z) = -27*z - 7. Let h(m) = 5*r(m) - 2*s(m). Determine h(i).
6
Let a(t) = -t**2 - 10*t - 17. Let g be -12*((-4984)/21)/4. Let v = -720 + g. What is a(v)?
-1
Let y(g) be the second derivative of -g**3/3 - 10*g**2 + 207*g. Determine y(0).
-20
Let x(l) be the first derivative of -l**6/120 + l**5/60 + l**4/12 + 2*l**3/3 + 11*l**2 - l - 52. Let y(g) be the second derivative of x(g). Determine y(3).
-8
Let w be 11/55 - (-19)/5. Let b(s) = 14. Let j(k) = -k - 24. Let o(p) = 7*b(p) + 4*j(p). Determine o(w).
-14
Let b(v) = -11*v + 30*v**2 + v + 27 - 81 - 4*v - 29*v**2. What is b(17)?
-3
Let l = 4867 - 4849. Let r(i) = i**2 - 21*i. Give r(l).
-54
Let d(x) be the third derivative of -x**4/24 + 5*x**3/6 + 160*x**2. Let z = -53 - -45. Let v be 20/(-14)*28/z. What is d(v)?
0
Let c(f) = 2*f**3 + 3*f - 1. Let k(d) = -11*d**3 + 10*d**2 - 23*d - 4. Let q(i) = -5*c(i) - k(i). What is q(9)?
0
Suppose 0 = 12*a - 6*a + 90. Let s be (5 + -9 - a)/(-1). Let w(m) = m**2 + 11*m + 2. Determine w(s).
2
Let v(m) = -5*m - 2. Let o(t) = t + 1. Let l(k) = 4*o(k) + v(k). Suppose 0 = 5*c + 27*q - 31*q + 16, -3*q = -5*c - 12. Calculate l(c).
2
Let o(t) be the first derivative of -18*t**2 - 11*t - 886. What is o(1)?
-47
Let t(w) = w**2 - 3*w + 1. Let i(a) = 18*a**2 - 15. Let g(b) = -i(b) - 3*t(b). Let d(m) = -8*m**2 + 3*m + 4. Let v(h) = 8*d(h) - 3*g(h). What is v(0)?
-4
Let x(p) be the first derivative of -10/3*p**3 + 5*p**2 - 2 + 1/4*p**4 + 8*p. Give x(9).
17
Let b(a) = -31*a - 4. Let g = 737 + -743. Let v(c) = -37*c - 4. Let o(r) = g*b(r) + 5*v(r). Calculate o(4).
8
Let l(x) = x + 19. Let h be (-42)/252 + 169/6. Suppose 0*j - 4*j + 10 = -2*g, -4*j = -4*g - h. Determine l(g).
10
Let a = 2/651 - -144/217. Let k(h) be the second derivative of 1/12*h**4 + 37*h - 4*h**2 + 0 - a*h**3. Give k(7).
13
Let a be (-21)/(-4) - 18/(-24). Suppose a = -2*i - 6. Let v(h) = -51*h + 5. Let z(t) = -25*t + 3. Let d(m) = v(m) - 2*z(m). Calculate d(i).
5
Let g = 38 + -33. Suppose -2*p - g + 9 = 0. Let m(n) = -2*n + 1 - 8*n**2 + 7*n**2 + 2*n**p. Determine m(3).
4
Suppose -3 = g - 2. Suppose 308 = 192*i - 76. Let h be (-4)/(i + g + (-4)/12). Let d(p) = -p**2 - 5*p + 6. What is d(h)?
0
Let n(v) = -v**3 + 2*v**2 + 5*v - 1. Suppose 3*j - 4*j + 132 = 3*o, o = 3*j + 44. Suppose o = -i + 48. What is n(i)?
-13
Let h be -7*(26/(-7))/(-2). Let u(b) = -4*b - 55. Determine u(h).
-3
Let c(y) = -8*y + 38. Let h(w) = -29*w + 150. Let o(u) = -23*c(u) + 6*h(u). Calculate o(-4).
-14
Let u(x) = -3*x**2 + 7*x + 8. Let r be u(4). Let v be 15/6*r/(-15). Let o(i) = i**3 - 5 + 13 + 6*i - 5 - v - 6*i**2. Calculate o(5).
6
Let n(b) = 12*b - 13. Let r(q) = -23*q + 27. Let x(o) = 5*n(o) + 2*r(o). Let y = -83 - -66. Let c(v) = 5*v - 4. Let i(a) = y*c(a) + 6*x(a). Give i(-4).
6
Let o(x) = -x**2 + 7*x - 4. Suppose -46 = a + r, -4*r + 2*r - 137 = 3*a. Let h = -42 - a. Determine o(h).
8
Let t(q) = q - 3. Let c(p) be the third derivative of p**5/60 - 13*p**4/24 - 139*p**3/6 - 44*p**2 + p. Let u be c(20). Give t(u).
-2
Let l(n) = -146 - 50*n**2 + 62*n**2 + 5*n + 22*n**2 - n - n**3. Calculate l(34).
-10
Suppose 28 = 3*n + 6*t - t, -3*t = -3*n + 12. Let f(g) = 39*g - 29*g - 2*g**2 - 13 + 4. Determine f(n).
-21
Let u(d) = 5 + d - 3 + 6*d**2 + 4*d - 5 - d**3. Suppose 4*q - 44 = 4*p, -q + 486*p + 16 = 484*p. Give u(q).
27
Let j(r) = -127*r - r**3 + 5*r**2 - 166*r - 2 + 291*r. Calculate j(5).
-12
Let i(a) = -4*a - 19. Let m be i(-13). Suppose m = -3*j + 39. Suppose j*d - 56 = -58. Let r(b) = -16*b**2 - 1. Determine r(d).
-17
Let d(a) be the first derivative of 3*a**3 + 31*a**2/2 + 31*a + 7601. Give d(-1).
9
Let a(m) = -12*m**2 - 17 - 10*m - 1922*m**3 + 2*m**2 + 971*m**3 + 950*m**3. Calculate a(-9).
-8
Let s(i) = -i**2 + 4*i - 3. Suppose 4*w = g - 7, 3*g - 14 = g + 4*w. Suppose -17 = -3*l + g. Let j(c) = -c**3 + 8*c**2 - c + 11. Let z be j(l). Determine s(z).
0
Let m(r) = 2*r**3 + 3*r**2 - 2*r + 5. Let y(g) = g**2 - 83*g - 1144. Let n be y(-12). Calculate m(n).
-67
Let q(m) = 3*m**2 + 2*m**3 + 2*m + 0*m**2 + 0*m**2. Let v be 64/(-4)*(-2 - 8/4). Let y = v - 66. Calculate q(y).
-8
Let h(d) = 2*d - 10. Let v be 232/20 - (-2)/5. Suppose -y + w - v = 0, 4*y - 5*w + 39 = -4*w. Give h(y).
-28
Let u(z) = 1. Let x(k) = -3*k + 3. Let j(d) = -6*u(d) + x(d). Let v be j(-2). Let f(q) = 8*q**2 + 6*q**2 - q**2 - v*q**2. Calculate f(1).
10
Let a(r) = -203*r**3 - r**2 - r - 1. Let t be a(-1). Let h = t + -205. Let m(w) = w**3 - 4 + 1 + 8*w**2 - 5*w**2 - w. Calculate m(h).
0
Le